ative of -h**6/120 - h**5/12 + h**4/3 + h**3/3 + 4*h**2. Let p be b(-6). Is p/(-15)*1974/4 prime?
False
Let m(u) = -2017*u**3 + 4*u**2 - 3*u - 5. Is m(-1) composite?
True
Suppose -85*c + 436806 = -309579. Is c composite?
True
Let c = 12 + -14. Let u be 5548/8 - c/4. Suppose 5*t = 3*t + u. Is t a composite number?
False
Suppose -h - 9 = -12. Suppose 4*o - 2*v - 829 = h*v, -o + 3*v + 202 = 0. Is o a prime number?
True
Suppose -3*c + c + 10 = 0. Suppose 3*q - 2*y - 5817 - 1881 = 0, 0 = -5*y - 15. Suppose -k = -c*k + q. Is k a prime number?
True
Let d = -1521 - -2346. Suppose -z + 827 = -m, -2*z + z + 3*m + d = 0. Suppose -5*r = -z + 113. Is r prime?
False
Let w(m) = m**3 + 7*m**2 + 2*m - 12. Let z be w(-6). Suppose -28 = -16*f + z*f. Is f composite?
False
Let i(h) = h - 1828. Suppose 2*s = 3*s - 5*t + 25, -2*t + 10 = 0. Let o be i(s). Is 10/2*o/(-20) composite?
False
Is (-14890)/(-3)*60/50 - 5 a composite number?
True
Suppose 0 = 2*v + 2*d - 400, d - 1027 = -5*v + 5*d. Let z = v - 73. Let h = -63 + z. Is h composite?
False
Let z = 229 + -226. Let d = 5 + -3. Suppose f = z*k + 239, -d*k + 16 = 2*k. Is f prime?
True
Let b(j) = -89*j + 9. Let d be b(2). Let c = -56 - d. Is c a prime number?
True
Let d(p) = 45048*p**2 + 6*p - 5. Is d(1) composite?
True
Suppose 2*s - 30 = 2*l, s - 20 = -3*s. Is 356/l*20/(-8) prime?
True
Let l = -76 + 80. Suppose -l*x + 122 + 450 = 0. Is x prime?
False
Is 3 + (-1 - -11714) + 7/7 composite?
False
Suppose -t - 4*t + 5*p = 55, -3*p - 7 = t. Let a be (t/4)/(-1)*38. Suppose -q = -6*q + a. Is q a prime number?
True
Let n be -2 + (-1998)/(-3) - 5. Suppose -216 = m - n. Is m a composite number?
False
Suppose -w + 2239 = 2*w - 2*b, 0 = b + 5. Suppose 3*t + 2*q - 1128 = -q, 1472 = 4*t - 4*q. Let n = w + t. Is n composite?
True
Suppose -w + 895 = -2*m, -4*w + 5*m + 985 = -2580. Suppose -w - 770 = -u. Is u composite?
True
Let q be (-584)/24 + (-4)/6. Let u be 20/q*(-5)/2. Suppose -3*y - 3 = 0, 4*p - 2*y = u*p + 284. Is p a prime number?
False
Suppose 195 = -y + 707. Is -6 + y - (2 + -1) composite?
True
Let x(o) = 1986*o**2 - 9*o - 32. Is x(-5) a prime number?
True
Let u be (139/4 - 0)*4. Let g = -107 - -191. Let t = u - g. Is t prime?
False
Let a(i) be the second derivative of 7*i**4/12 + 31*i**3/3 - i**2 - 2*i - 33. Is a(-25) a composite number?
True
Let u(z) = -3*z**2 + 12*z + 2. Let y(v) = -7*v**2 + 23*v + 4. Let l(f) = -9*u(f) + 4*y(f). Is l(-13) a composite number?
False
Let d be -101 + (-2 + 1)*1. Let c be (10 - (-5 + 1)) + -1. Let n = c - d. Is n prime?
False
Let i = -7 - -12. Suppose i*z - 1600 = -r, -2*z + 842 = -4*r + 180. Is z a prime number?
False
Is (-6)/(-3) - 0 - (-45 + -17354) a composite number?
False
Suppose -2*m - 468 = 3*s - s, -2*m + 4 = 0. Suppose -4*n - 467 = 3*t, -5*t - 270 - 516 = -n. Let z = t - s. Is z a prime number?
True
Suppose -111 = -6*y + 159. Let v be 105/y*1*3. Suppose -5*u - 178 = -v*u. Is u composite?
False
Suppose -15444 = -5*r + 15861. Is r a composite number?
True
Suppose 0*t + 2664 = 4*z + 3*t, -1330 = -2*z - 2*t. Is z prime?
False
Is 8/28 - (1 + (-185022)/7) composite?
False
Let n = 1154 - 261. Is n composite?
True
Let b(u) = 5*u**3 + 7*u**2 - 31*u + 25. Let v be b(13). Is (v/27)/((-4)/(-6)) a composite number?
True
Is (-40)/(-30) + 34*1867/6 a composite number?
True
Let s be 3*(16/12 + 2). Is 7713/5 + ((-4)/s)/(-1) a composite number?
False
Suppose 6*v - 50569 = 23345. Is v a prime number?
False
Suppose 0 = 2*i - 16 + 6. Suppose 4*l = -i*w + 5 - 2, 4*l - 4*w = 12. Suppose 0 = 3*s + l*s - 355. Is s a composite number?
False
Let k = -7 + 5. Is k/5 - 2570/(-50) a prime number?
False
Suppose -19542 - 13694 = -28*x. Is x a prime number?
True
Let r be (1285/(-15))/(4/(-36)). Suppose -8*f - 307 = -r. Is f a prime number?
False
Suppose -8*t + 124 = -748. Is t composite?
False
Let h = 457 + 115. Suppose h = 4*j - 0*j. Is j a prime number?
False
Suppose 47858 = 5*v - o - 0*o, 4*o = 2*v - 19136. Suppose -4*t = -4*u - v, -5*t = 2*u - u - 11977. Is t a composite number?
True
Let r be 0/((-2 - -1)*-2). Suppose r = -2*p - 3*x - 6, -5*p - 3*x - 5 = 2*x. Suppose 5*c + 0*k = -p*k + 335, 0 = -c - k + 67. Is c prime?
True
Let j be 2/3 - (70/(-30) - -5). Let o(k) = -607*k - 12. Is o(j) a prime number?
False
Suppose 27*p - 34*p + 6923 = 0. Is p composite?
True
Let a be 7 + (3 - 2)*-5. Suppose 2*y - 457 = -0*y - f, y = -4*f + 225. Suppose y + 1969 = a*w. Is w a composite number?
True
Suppose -5*m = -8*m + 27. Is (-291)/(-2) + m/(-18) composite?
True
Suppose -24 = -11*l + 8*l. Suppose -2021 = -3*s - 5*r, r - 5*r - l = 0. Is s prime?
True
Let g(u) = 63*u - 183. Is g(12) a composite number?
True
Let c = 1600 - 971. Suppose 3*o + 5*p - p = c, -o + 2*p = -213. Is o a prime number?
True
Let x = 2385 - -7444. Is x prime?
True
Suppose 0 = -n - 0*n + 4. Suppose s + 24 = n*s. Is s/(-10) + 17913/35 prime?
False
Suppose 2*x - y + 6 = 3*y, x - y = 0. Suppose -43 + 388 = x*n. Is n a prime number?
False
Suppose 5*f - 225 = -0*f. Let y = f - 93. Let i = y + 125. Is i composite?
True
Is (-8)/(-12)*16926/4 + -2 composite?
False
Let p(v) = 11*v - 1. Let z(u) = 21*u - 2. Suppose 0 = -5*b - 20 + 5. Let k(l) = b*z(l) + 5*p(l). Is k(-8) prime?
False
Let p = -514 + 1345. Is p composite?
True
Let v(f) = f**3 + f**2 + 2*f + 1751. Let j be v(0). Let m = j + -1137. Is m a composite number?
True
Let n = 311 - -721. Suppose -2*d + 420 = 4*y, 2*d - 7*d + n = y. Suppose 2*h - 6 - d = 0. Is h prime?
False
Is 178/(-267) - 26/(-3) - -24509 a composite number?
False
Let d be 6/(-15)*(-15)/6. Suppose -5*h + n = -d, 2*n + 6 = 2*h + 3*n. Is 34 - (-2 + (6 - h)) composite?
False
Let m(u) = -u**2 - 5*u - 1. Let o be m(-4). Let n be (-3493)/(-9) - -1*2/(-18). Suppose o*d = -d + n. Is d a prime number?
True
Suppose -q - 5*k - 6 = 0, 0 = 4*q - 5*k + 2*k - 22. Suppose 2*u = q*b - 1492, 4*u - 3*u - 738 = -2*b. Suppose t - b = -120. Is t a composite number?
False
Let t(r) = -r + 4. Let v be t(7). Suppose -4*o = -0*o - 4. Is (263/v)/(o/(-3)) prime?
True
Suppose 5*g + 4*u - 5638 = 12688, 0 = 5*g - 4*u - 18294. Is g composite?
True
Suppose -12*p - 8 = -14*p. Is (238/p + 4)*4 a prime number?
False
Let v(z) = z + 11. Let b be v(-8). Suppose 5*m = -b*p + 135 + 30, -2*p = 0. Let o = 46 - m. Is o a composite number?
False
Suppose 54*j - 1586598 = 109596. Is j a prime number?
False
Is 11/((-220)/17095)*1*-4 prime?
False
Let k(x) = -1235*x - 59. Is k(-3) a composite number?
True
Is (-3)/(-15) + 25568/10 prime?
True
Suppose -45 = 2*k - k. Let t = 64 + k. Let m = t + -5. Is m prime?
False
Let j = 74 - 77. Is -1*(5 + j)*(-998)/4 prime?
True
Let w = 48390 + 1961. Is w prime?
False
Let b = 11069 + -6640. Is b composite?
True
Is -4*(7 + 288275/(-52)) a composite number?
False
Is 5 - (108290/(-6) - 15/(-45)) prime?
False
Suppose 4*f + 3*h = -h - 4, 2*f + 3*h + 6 = 0. Suppose 0 = 2*x - 3*t - 512, -6*x + 4*x - f*t = -500. Is x a composite number?
True
Suppose -11*x = -8*x - 903. Is x prime?
False
Let v(k) = 10*k**2 + 16*k - 7. Suppose -4*q - 7*q = 77. Is v(q) a composite number?
True
Let a = 52 - 44. Suppose 3104 = a*k - 3720. Is k a prime number?
True
Let b = 3269 + -2368. Is b prime?
False
Suppose -4*j = -4*d, -d = -3*d - 2*j + 8. Let w(q) = 32*q - 5. Let m be w(d). Let s = 206 + m. Is s a prime number?
False
Suppose -9*t + 8514 = 9*t. Is t composite?
True
Let i(c) = 60*c**2 + 19*c + 60. Is i(-5) prime?
False
Suppose 4*q + 12523 = 3*z, z - 3005 = 3*q + 1176. Is z a composite number?
True
Let i(h) = h**3 + 7*h**2 + 6*h - 14. Let b be i(-5). Let c(y) = 75*y**2 + 2*y - 11. Is c(b) a composite number?
True
Suppose -23 = 2*b - 9. Is (-282340)/(-140) - 1/b*2 composite?
False
Let h(b) = -69*b + 12. Let y be h(-3). Is 13*y - (-6)/(-12)*4 prime?
False
Let w be (-69954)/(-16) + (-10)/80. Suppose -2*y - 1034 = -w. Suppose 262 = -7*c + y. Is c composite?
True
Suppose -20*l = -15*l + 2*o - 1947, l = 4*o + 385. Is l a composite number?
False
Suppose -2*l = 8, -h - l + 3*l = -2840. Suppose j + 3*j = -16, 4*b + j = h. Is b a composite number?
False
Let p = -6588 + 9235. Is p a composite number?
False
Let i(f) be the first derivative of -3 + 319*f - 1/2*f**2. Is i(0) composite?
True
Let r(y) = 2*y + 12. Let g be r(-6). Suppose g*a = 3*a + 2*z - 17, 0 = 4*a + 2*z - 22. Suppose 13 = j + 4